{"id":29,"date":"2024-03-19T10:46:58","date_gmt":"2024-03-19T10:46:58","guid":{"rendered":"https:\/\/funanart.org.do\/?page_id=29"},"modified":"2025-07-02T21:42:58","modified_gmt":"2025-07-02T21:42:58","slug":"actividades","status":"publish","type":"page","link":"https:\/\/funanart.org.do\/index.php\/actividades\/","title":{"rendered":"Actividades"},"content":{"rendered":"\t\t<div data-elementor-type=\"wp-page\" data-elementor-id=\"29\" class=\"elementor elementor-29\" data-elementor-post-type=\"page\">\n\t\t\t\t<div class=\"elementor-element elementor-element-04475aa e-flex e-con-boxed e-con e-parent\" data-id=\"04475aa\" data-element_type=\"container\">\n\t\t\t\t\t<div class=\"e-con-inner\">\n\t\t\t\t<div class=\"elementor-element elementor-element-6c6c693 elementor-widget elementor-widget-heading\" data-id=\"6c6c693\" data-element_type=\"widget\" data-widget_type=\"heading.default\">\n\t\t\t\t<div class=\"elementor-widget-container\">\n\t\t\t\t\t<h2 class=\"elementor-heading-title elementor-size-default\">Actividades<\/h2>\t\t\t\t<\/div>\n\t\t\t\t<\/div>\n\t\t\t\t\t<\/div>\n\t\t\t\t<\/div>\n\t\t<div class=\"elementor-element elementor-element-3e95444 e-flex e-con-boxed e-con e-parent\" data-id=\"3e95444\" data-element_type=\"container\">\n\t\t\t\t\t<div class=\"e-con-inner\">\n\t\t\t\t<div class=\"elementor-element elementor-element-0ae7e66 elementor-widget elementor-widget-spacer\" data-id=\"0ae7e66\" data-element_type=\"widget\" data-widget_type=\"spacer.default\">\n\t\t\t\t<div class=\"elementor-widget-container\">\n\t\t\t\t\t\t\t<div class=\"elementor-spacer\">\n\t\t\t<div class=\"elementor-spacer-inner\"><\/div>\n\t\t<\/div>\n\t\t\t\t\t\t<\/div>\n\t\t\t\t<\/div>\n\t\t\t\t\t<\/div>\n\t\t\t\t<\/div>\n\t\t<div class=\"elementor-element elementor-element-236b7ff e-flex e-con-boxed e-con e-parent\" data-id=\"236b7ff\" data-element_type=\"container\">\n\t\t\t\t\t<div class=\"e-con-inner\">\n\t\t<div class=\"elementor-element elementor-element-c47baad e-con-full e-flex e-con e-child\" data-id=\"c47baad\" data-element_type=\"container\">\n\t\t\t\t<div class=\"elementor-element elementor-element-bc63108 elementor-widget elementor-widget-heading\" data-id=\"bc63108\" data-element_type=\"widget\" data-widget_type=\"heading.default\">\n\t\t\t\t<div class=\"elementor-widget-container\">\n\t\t\t\t\t<h4 class=\"elementor-heading-title elementor-size-default\">Talleres de Educaci\u00f3n Art\u00edsticas (Sto. Domingo)<\/h4>\t\t\t\t<\/div>\n\t\t\t\t<\/div>\n\t\t\t\t<div class=\"elementor-element elementor-element-1169020 elementor-widget elementor-widget-text-editor\" data-id=\"1169020\" data-element_type=\"widget\" data-widget_type=\"text-editor.default\">\n\t\t\t\t<div class=\"elementor-widget-container\">\n\t\t\t\t\t\t\t\t\t<p>Para promover las formaciones art\u00edsticas en ni\u00f1os, ni\u00f1as y adolescentes de escasos recursos y a partir de esto asumirla como un proceso orientado a la labor educativa, que promueva y eleve la cultura general integral de estos infantes y de su entorno social.<\/p>\t\t\t\t\t\t\t\t<\/div>\n\t\t\t\t<\/div>\n\t\t\t\t<\/div>\n\t\t<div class=\"elementor-element elementor-element-42bfab4 e-con-full e-flex e-con e-child\" data-id=\"42bfab4\" data-element_type=\"container\">\n\t\t\t\t<div class=\"elementor-element elementor-element-c6492ed elementor-widget elementor-widget-counter\" data-id=\"c6492ed\" data-element_type=\"widget\" data-widget_type=\"counter.default\">\n\t\t\t\t<div class=\"elementor-widget-container\">\n\t\t\t\t\t\t\t<div class=\"elementor-counter\">\n\t\t\t<div class=\"elementor-counter-title\">Ni\u00f1os de manera directa<\/div>\t\t\t<div class=\"elementor-counter-number-wrapper\">\n\t\t\t\t<span class=\"elementor-counter-number-prefix\"><\/span>\n\t\t\t\t<span class=\"elementor-counter-number\" data-duration=\"2000\" data-to-value=\"600\" data-from-value=\"0\" data-delimiter=\",\">0<\/span>\n\t\t\t\t<span class=\"elementor-counter-number-suffix\"><\/span>\n\t\t\t<\/div>\n\t\t<\/div>\n\t\t\t\t\t\t<\/div>\n\t\t\t\t<\/div>\n\t\t\t\t<\/div>\n\t\t\t\t\t<\/div>\n\t\t\t\t<\/div>\n\t\t<div class=\"elementor-element elementor-element-1eefbb9 e-flex e-con-boxed e-con e-parent\" data-id=\"1eefbb9\" data-element_type=\"container\">\n\t\t\t\t\t<div class=\"e-con-inner\">\n\t\t<div class=\"elementor-element elementor-element-e4be11b e-con-full e-flex e-con e-child\" data-id=\"e4be11b\" data-element_type=\"container\">\n\t\t\t\t<div class=\"elementor-element elementor-element-82ac6ef elementor-widget elementor-widget-heading\" data-id=\"82ac6ef\" data-element_type=\"widget\" data-widget_type=\"heading.default\">\n\t\t\t\t<div class=\"elementor-widget-container\">\n\t\t\t\t\t<h4 class=\"elementor-heading-title elementor-size-default\">Exposiciones de artes visuales individuales. (de ambos g\u00e9neros)<\/h4>\t\t\t\t<\/div>\n\t\t\t\t<\/div>\n\t\t\t\t<div class=\"elementor-element elementor-element-bb42e5b elementor-widget elementor-widget-text-editor\" data-id=\"bb42e5b\" data-element_type=\"widget\" data-widget_type=\"text-editor.default\">\n\t\t\t\t<div class=\"elementor-widget-container\">\n\t\t\t\t\t\t\t\t\t<p>Que servir\u00e1n al desarrollo de las expresiones creativas naturales, adem\u00e1s de ser parte fundamentales para la cultura de nuestra sociedad; el arte como actividad creativa, tiene un efecto liberador, curativo y de desarrollo personal, lo que ayudara a estos j\u00f3venes a seguir una sociedad m\u00e1s sana.<\/p>\t\t\t\t\t\t\t\t<\/div>\n\t\t\t\t<\/div>\n\t\t\t\t<\/div>\n\t\t<div class=\"elementor-element elementor-element-fa583f8 e-con-full e-flex e-con e-child\" data-id=\"fa583f8\" data-element_type=\"container\">\n\t\t\t\t<div class=\"elementor-element elementor-element-d95b5f3 elementor-widget elementor-widget-counter\" data-id=\"d95b5f3\" data-element_type=\"widget\" data-widget_type=\"counter.default\">\n\t\t\t\t<div class=\"elementor-widget-container\">\n\t\t\t\t\t\t\t<div class=\"elementor-counter\">\n\t\t\t<div class=\"elementor-counter-title\">Invitados<\/div>\t\t\t<div class=\"elementor-counter-number-wrapper\">\n\t\t\t\t<span class=\"elementor-counter-number-prefix\"><\/span>\n\t\t\t\t<span class=\"elementor-counter-number\" data-duration=\"2000\" data-to-value=\"480\" data-from-value=\"0\" data-delimiter=\",\">0<\/span>\n\t\t\t\t<span class=\"elementor-counter-number-suffix\"><\/span>\n\t\t\t<\/div>\n\t\t<\/div>\n\t\t\t\t\t\t<\/div>\n\t\t\t\t<\/div>\n\t\t\t\t<\/div>\n\t\t\t\t\t<\/div>\n\t\t\t\t<\/div>\n\t\t<div class=\"elementor-element elementor-element-6dcf332 e-flex e-con-boxed e-con e-parent\" data-id=\"6dcf332\" data-element_type=\"container\">\n\t\t\t\t\t<div class=\"e-con-inner\">\n\t\t<div class=\"elementor-element elementor-element-b7744ea e-con-full e-flex e-con e-child\" data-id=\"b7744ea\" data-element_type=\"container\">\n\t\t\t\t<div class=\"elementor-element elementor-element-dc22d20 elementor-widget elementor-widget-heading\" data-id=\"dc22d20\" data-element_type=\"widget\" data-widget_type=\"heading.default\">\n\t\t\t\t<div class=\"elementor-widget-container\">\n\t\t\t\t\t<h4 class=\"elementor-heading-title elementor-size-default\">Proyecto de Arte Infantil \u2013 \u201cPeque\u00f1os Grandiosos\u201d<\/h4>\t\t\t\t<\/div>\n\t\t\t\t<\/div>\n\t\t\t\t<div class=\"elementor-element elementor-element-e058291 elementor-widget elementor-widget-text-editor\" data-id=\"e058291\" data-element_type=\"widget\" data-widget_type=\"text-editor.default\">\n\t\t\t\t<div class=\"elementor-widget-container\">\n\t\t\t\t\t\t\t\t\t<p>Es una acci\u00f3n comunitaria de arte, orientada a promover el arte infantil, siendo consciente de su importancia en el desarrollo psicosocial e intelectual de los ni\u00f1os\/as en su primera etapa del desarrollo.<\/p>\t\t\t\t\t\t\t\t<\/div>\n\t\t\t\t<\/div>\n\t\t\t\t<\/div>\n\t\t<div class=\"elementor-element elementor-element-85e0657 e-con-full e-flex e-con e-child\" data-id=\"85e0657\" data-element_type=\"container\">\n\t\t\t\t<div class=\"elementor-element elementor-element-cf66e3a elementor-widget elementor-widget-counter\" data-id=\"cf66e3a\" data-element_type=\"widget\" data-widget_type=\"counter.default\">\n\t\t\t\t<div class=\"elementor-widget-container\">\n\t\t\t\t\t\t\t<div class=\"elementor-counter\">\n\t\t\t<div class=\"elementor-counter-title\">Ni\u00f1os de manera directa<\/div>\t\t\t<div class=\"elementor-counter-number-wrapper\">\n\t\t\t\t<span class=\"elementor-counter-number-prefix\"><\/span>\n\t\t\t\t<span class=\"elementor-counter-number\" data-duration=\"2000\" data-to-value=\"1000\" data-from-value=\"0\" data-delimiter=\",\">0<\/span>\n\t\t\t\t<span class=\"elementor-counter-number-suffix\"><\/span>\n\t\t\t<\/div>\n\t\t<\/div>\n\t\t\t\t\t\t<\/div>\n\t\t\t\t<\/div>\n\t\t\t\t<\/div>\n\t\t\t\t\t<\/div>\n\t\t\t\t<\/div>\n\t\t<div class=\"elementor-element elementor-element-97551c9 e-flex e-con-boxed e-con e-parent\" data-id=\"97551c9\" data-element_type=\"container\">\n\t\t\t\t\t<div class=\"e-con-inner\">\n\t\t<div class=\"elementor-element elementor-element-b816683 e-con-full e-flex e-con e-child\" data-id=\"b816683\" data-element_type=\"container\">\n\t\t\t\t<div class=\"elementor-element elementor-element-53b780f elementor-widget elementor-widget-heading\" data-id=\"53b780f\" data-element_type=\"widget\" data-widget_type=\"heading.default\">\n\t\t\t\t<div class=\"elementor-widget-container\">\n\t\t\t\t\t<h4 class=\"elementor-heading-title elementor-size-default\">Exposiciones colectivas de artes visuales: (j\u00f3venes y adultos)<\/h4>\t\t\t\t<\/div>\n\t\t\t\t<\/div>\n\t\t\t\t<div class=\"elementor-element elementor-element-c9121e4 elementor-widget elementor-widget-text-editor\" data-id=\"c9121e4\" data-element_type=\"widget\" data-widget_type=\"text-editor.default\">\n\t\t\t\t<div class=\"elementor-widget-container\">\n\t\t\t\t\t\t\t\t\t<p>La que ayudaran al desarrollo de las expresiones creativas naturales, El objetivo es aunar fuerzas para lograr una mayor difusi\u00f3n e impacto en el p\u00fablico. Adem\u00e1s de ser una herramienta genial para los artistas que a\u00fan no tienen obra suficiente como para llenar una sala.<\/p>\t\t\t\t\t\t\t\t<\/div>\n\t\t\t\t<\/div>\n\t\t\t\t<\/div>\n\t\t<div class=\"elementor-element elementor-element-5f78878 e-con-full e-flex e-con e-child\" data-id=\"5f78878\" data-element_type=\"container\">\n\t\t\t\t<div class=\"elementor-element elementor-element-9fcdee1 elementor-widget elementor-widget-counter\" data-id=\"9fcdee1\" data-element_type=\"widget\" data-widget_type=\"counter.default\">\n\t\t\t\t<div class=\"elementor-widget-container\">\n\t\t\t\t\t\t\t<div class=\"elementor-counter\">\n\t\t\t<div class=\"elementor-counter-title\">Invitados<\/div>\t\t\t<div class=\"elementor-counter-number-wrapper\">\n\t\t\t\t<span class=\"elementor-counter-number-prefix\"><\/span>\n\t\t\t\t<span class=\"elementor-counter-number\" data-duration=\"2000\" data-to-value=\"840\" data-from-value=\"0\" data-delimiter=\",\">0<\/span>\n\t\t\t\t<span class=\"elementor-counter-number-suffix\"><\/span>\n\t\t\t<\/div>\n\t\t<\/div>\n\t\t\t\t\t\t<\/div>\n\t\t\t\t<\/div>\n\t\t\t\t<\/div>\n\t\t\t\t\t<\/div>\n\t\t\t\t<\/div>\n\t\t<div class=\"elementor-element elementor-element-f9ee50a e-flex e-con-boxed e-con e-parent\" data-id=\"f9ee50a\" data-element_type=\"container\">\n\t\t\t\t\t<div class=\"e-con-inner\">\n\t\t<div class=\"elementor-element elementor-element-8acef48 e-con-full e-flex e-con e-child\" data-id=\"8acef48\" data-element_type=\"container\">\n\t\t\t\t<div class=\"elementor-element elementor-element-34718c8 elementor-widget elementor-widget-heading\" data-id=\"34718c8\" data-element_type=\"widget\" data-widget_type=\"heading.default\">\n\t\t\t\t<div class=\"elementor-widget-container\">\n\t\t\t\t\t<h4 class=\"elementor-heading-title elementor-size-default\">Talleres de Educaci\u00f3n Art\u00edsticas (En el interior del pa\u00eds)<\/h4>\t\t\t\t<\/div>\n\t\t\t\t<\/div>\n\t\t\t\t<div class=\"elementor-element elementor-element-9cc4344 elementor-widget elementor-widget-text-editor\" data-id=\"9cc4344\" data-element_type=\"widget\" data-widget_type=\"text-editor.default\">\n\t\t\t\t<div class=\"elementor-widget-container\">\n\t\t\t\t\t\t\t\t\t<p>Para promover la formaci\u00f3n art\u00edstica en ni\u00f1os, ni\u00f1as y adolescentes de escasos recursos y a partir de esto asumirla como un proceso orientado a la labor educativa, que promueva y eleve la cultura general integral de estos infantes y de su entorno social.<\/p>\t\t\t\t\t\t\t\t<\/div>\n\t\t\t\t<\/div>\n\t\t\t\t<\/div>\n\t\t<div class=\"elementor-element elementor-element-464d45d e-con-full e-flex e-con e-child\" data-id=\"464d45d\" data-element_type=\"container\">\n\t\t\t\t<div class=\"elementor-element elementor-element-5f1afd0 elementor-widget elementor-widget-counter\" data-id=\"5f1afd0\" data-element_type=\"widget\" data-widget_type=\"counter.default\">\n\t\t\t\t<div class=\"elementor-widget-container\">\n\t\t\t\t\t\t\t<div class=\"elementor-counter\">\n\t\t\t<div class=\"elementor-counter-title\">Ni\u00f1os de manera directa<\/div>\t\t\t<div class=\"elementor-counter-number-wrapper\">\n\t\t\t\t<span class=\"elementor-counter-number-prefix\"><\/span>\n\t\t\t\t<span class=\"elementor-counter-number\" data-duration=\"2000\" data-to-value=\"500\" data-from-value=\"0\" data-delimiter=\",\">0<\/span>\n\t\t\t\t<span class=\"elementor-counter-number-suffix\"><\/span>\n\t\t\t<\/div>\n\t\t<\/div>\n\t\t\t\t\t\t<\/div>\n\t\t\t\t<\/div>\n\t\t\t\t<\/div>\n\t\t\t\t\t<\/div>\n\t\t\t\t<\/div>\n\t\t<div class=\"elementor-element elementor-element-7dc5c7a e-flex e-con-boxed e-con e-parent\" data-id=\"7dc5c7a\" data-element_type=\"container\">\n\t\t\t\t\t<div class=\"e-con-inner\">\n\t\t<div class=\"elementor-element elementor-element-9bc6962 e-con-full e-flex e-con e-child\" data-id=\"9bc6962\" data-element_type=\"container\">\n\t\t\t\t<div class=\"elementor-element elementor-element-3e2161b elementor-widget elementor-widget-heading\" data-id=\"3e2161b\" data-element_type=\"widget\" data-widget_type=\"heading.default\">\n\t\t\t\t<div class=\"elementor-widget-container\">\n\t\t\t\t\t<h4 class=\"elementor-heading-title elementor-size-default\">Talleres de Educaci\u00f3n Art\u00edsticas (Interior del pa\u00eds)<\/h4>\t\t\t\t<\/div>\n\t\t\t\t<\/div>\n\t\t\t\t<div class=\"elementor-element elementor-element-d1fafce elementor-widget elementor-widget-text-editor\" data-id=\"d1fafce\" data-element_type=\"widget\" data-widget_type=\"text-editor.default\">\n\t\t\t\t<div class=\"elementor-widget-container\">\n\t\t\t\t\t\t\t\t\t<p>Para promover la formaci\u00f3n art\u00edstica en ni\u00f1os, ni\u00f1as y adolescentes de escasos recursos y a partir de esto asumirla como un proceso orientado a la labor educativa, que promueva y eleve la cultura general integral de estos infantes y de su entorno social.<\/p>\t\t\t\t\t\t\t\t<\/div>\n\t\t\t\t<\/div>\n\t\t\t\t<\/div>\n\t\t<div class=\"elementor-element elementor-element-17288ff e-con-full e-flex e-con e-child\" data-id=\"17288ff\" data-element_type=\"container\">\n\t\t\t\t<div class=\"elementor-element elementor-element-dffbe03 elementor-widget elementor-widget-counter\" data-id=\"dffbe03\" data-element_type=\"widget\" data-widget_type=\"counter.default\">\n\t\t\t\t<div class=\"elementor-widget-container\">\n\t\t\t\t\t\t\t<div class=\"elementor-counter\">\n\t\t\t<div class=\"elementor-counter-title\">Ni\u00f1os de manera directa<\/div>\t\t\t<div class=\"elementor-counter-number-wrapper\">\n\t\t\t\t<span class=\"elementor-counter-number-prefix\"><\/span>\n\t\t\t\t<span class=\"elementor-counter-number\" data-duration=\"2000\" data-to-value=\"500\" data-from-value=\"0\" data-delimiter=\",\">0<\/span>\n\t\t\t\t<span class=\"elementor-counter-number-suffix\"><\/span>\n\t\t\t<\/div>\n\t\t<\/div>\n\t\t\t\t\t\t<\/div>\n\t\t\t\t<\/div>\n\t\t\t\t<\/div>\n\t\t\t\t\t<\/div>\n\t\t\t\t<\/div>\n\t\t<div class=\"elementor-element elementor-element-c77520d e-flex e-con-boxed e-con e-parent\" data-id=\"c77520d\" data-element_type=\"container\">\n\t\t\t\t\t<div class=\"e-con-inner\">\n\t\t\t\t<div class=\"elementor-element elementor-element-d67f6b3 elementor-widget elementor-widget-spacer\" data-id=\"d67f6b3\" data-element_type=\"widget\" data-widget_type=\"spacer.default\">\n\t\t\t\t<div class=\"elementor-widget-container\">\n\t\t\t\t\t\t\t<div class=\"elementor-spacer\">\n\t\t\t<div class=\"elementor-spacer-inner\"><\/div>\n\t\t<\/div>\n\t\t\t\t\t\t<\/div>\n\t\t\t\t<\/div>\n\t\t\t\t\t<\/div>\n\t\t\t\t<\/div>\n\t\t\t\t<\/div>\n\t\t","protected":false},"excerpt":{"rendered":"<p>Actividades Talleres de Educaci\u00f3n Art\u00edsticas (Sto. Domingo) Para promover las formaciones art\u00edsticas en ni\u00f1os, ni\u00f1as y adolescentes de escasos recursos y a partir de esto asumirla como un proceso orientado a la labor educativa, que promueva y eleve la cultura general integral de estos infantes y de su entorno social. Ni\u00f1os de manera directa 0 [&hellip;]<\/p>\n","protected":false},"author":1,"featured_media":0,"parent":0,"menu_order":0,"comment_status":"closed","ping_status":"closed","template":"","meta":{"footnotes":""},"class_list":["post-29","page","type-page","status-publish","hentry"],"_links":{"self":[{"href":"https:\/\/funanart.org.do\/index.php\/wp-json\/wp\/v2\/pages\/29","targetHints":{"allow":["GET"]}}],"collection":[{"href":"https:\/\/funanart.org.do\/index.php\/wp-json\/wp\/v2\/pages"}],"about":[{"href":"https:\/\/funanart.org.do\/index.php\/wp-json\/wp\/v2\/types\/page"}],"author":[{"embeddable":true,"href":"https:\/\/funanart.org.do\/index.php\/wp-json\/wp\/v2\/users\/1"}],"replies":[{"embeddable":true,"href":"https:\/\/funanart.org.do\/index.php\/wp-json\/wp\/v2\/comments?post=29"}],"version-history":[{"count":12,"href":"https:\/\/funanart.org.do\/index.php\/wp-json\/wp\/v2\/pages\/29\/revisions"}],"predecessor-version":[{"id":674,"href":"https:\/\/funanart.org.do\/index.php\/wp-json\/wp\/v2\/pages\/29\/revisions\/674"}],"wp:attachment":[{"href":"https:\/\/funanart.org.do\/index.php\/wp-json\/wp\/v2\/media?parent=29"}],"curies":[{"name":"wp","href":"https:\/\/api.w.org\/{rel}","templated":true}]}}